r + 51. Determine c(55).
-4
Let z(l) = -9*l**3 - 33*l**2 - 4*l - 7. What is z(-4)?
57
Let a(d) = -d**2 + 298*d + 600. Calculate a(-2).
0
Let w(q) = 61*q + 382. What is w(-6)?
16
Let x(s) = -4*s**2 + 104*s + 192. Determine x(30).
-288
Let a(q) = -2480*q - 5037. What is a(-2)?
-77
Let t(h) = 16*h**2 + 940*h - 202. What is t(-59)?
34
Let a(n) = 2181*n - 6530. Give a(3).
13
Let m(t) = 78*t + 24. Give m(1).
102
Let i(t) = 2*t**3 - 8*t**2 - 2*t + 27. Determine i(4).
19
Let y(k) = -8*k + 587. What is y(73)?
3
Let g(z) = -5*z**2 + 18*z + 10. What is g(4)?
2
Let z(t) = -2*t**3 + 15*t**2 - 18*t + 10. What is z(6)?
10
Let t(j) = 2*j**3 - 5*j**2 + 24*j + 23. What is t(5)?
268
Let k(o) = 6*o - 177. What is k(30)?
3
Let r(n) = -n**2 - 93*n - 447. Give r(-88).
-7
Let m(c) = c**2 + 13*c + 22. Give m(-5).
-18
Let w(d) = -d**3 + 34*d**2 - 65*d + 42. Give w(32).
10
Let d(i) = -216*i - 33704. Calculate d(-156).
-8
Let v(p) = -p - 8. Calculate v(35).
-43
Let j(n) = n**2 + 102*n + 2409. Calculate j(-64).
-23
Let t(k) = 2*k**2 - 109*k - 801. Determine t(61).
-8
Let c(v) = 336*v**2 - 331*v - 9. Give c(1).
-4
Let f(t) = -26*t**3 - 23*t**2 + 45*t - 2. Calculate f(2).
-212
Let j(v) = -v**3 - 28*v**2 - 118*v + 51. Determine j(-22).
-257
Let i(w) = 66*w - 904. Give i(14).
20
Let g(w) = w**3 + 13*w**2 - 4*w - 7. What is g(-13)?
45
Let o(x) = 62*x + 1476. Calculate o(-23).
50
Let k(f) = 101*f - 3226. Give k(32).
6
Let z(d) = 3*d**2 + 150*d + 244. Calculate z(-47).
-179
Let c(i) = 7*i**2 - 109*i - 164. What is c(17)?
6
Let u(n) = -n**3 + 14*n**2 + 45*n - 350. Determine u(16).
-142
Let i(d) = -905*d + 9056. Give i(10).
6
Let t(n) = -5*n**2 - 30*n - 14. Determine t(0).
-14
Let v(r) = r**3 - 13*r**2 - 5*r + 4. Give v(14).
130
Let l(f) = 2*f**3 - 45*f**2 + 194*f + 16. Calculate l(6).
-8
Let s(p) = p**3 + 45*p**2 + 67*p + 949. Give s(-44).
-63
Let w(q) = -70*q + 1240. Determine w(18).
-20
Let u(r) = r**3 + 17*r**2 - 28*r + 111. Give u(-14).
1091
Let v(j) = 3*j**3 - 282*j**2 - 285*j + 32. Determine v(95).
32
Let m(y) = -110*y - 556. Calculate m(4).
-996
Let v(g) = 5*g**3 - 471*g**2 + 92*g + 216. Give v(94).
28
Let w(v) = -96*v - 558. Determine w(-6).
18
Let t(v) = 2*v**3 + 16*v**2 - 19. Give t(0).
-19
Let c(g) = 11*g**2 - 26*g - 3. Give c(1).
-18
Let j(h) = h**2 - 878*h + 6954. What is j(8)?
-6
Let f(m) = 41*m**2 - 116*m - 17. What is f(3)?
4
Let h(w) = 78*w + 697. What is h(-9)?
-5
Let c(x) = 2*x**3 - x**2 + 16*x + 7. Calculate c(-5).
-348
Let l(m) = 27*m + 2156. Give l(-80).
-4
Let s(w) = -w**2 - 27*w + 523. What is s(13)?
3
Let g(s) = 328*s + 991. Determine g(-3).
7
Let r(m) = 5*m**3 - 42*m**2 + 8*m + 68. What is r(8)?
4
Let h(s) = -s**2 + 116*s - 2523. Determine h(27).
-120
Let z(m) = m**2 - 1424*m + 7106. What is z(5)?
11
Let t(c) = 956*c + 36287. What is t(-38)?
-41
Let l(y) = -7401*y - 88815. What is l(-12)?
-3
Let b(o) = -9*o**3 - 2*o**2 + 7*o - 3. What is b(1)?
-7
Let a(c) = 8*c**3 + 186*c**2 - 144*c - 63. Determine a(-24).
-63
Let d(j) = -18*j - 654. Calculate d(-36).
-6
Let f(y) = y**3 + 57*y**2 - 61*y - 156. What is f(-58)?
18
Let f(r) = -5*r**3 - 37*r**2 + 10*r - 9. Calculate f(-8).
103
Let j(t) = -32*t**3 + 71*t**2 - 15*t - 4. Calculate j(2).
-6
Let l(j) = 14*j**2 - 95*j - 52. Calculate l(7).
-31
Let f(m) = m**3 - 75*m**2 + 855*m - 53. What is f(61)?
8
Let v(d) = -d**3 - 16*d**2 + 92*d + 646. Calculate v(-19).
-19
Let y(h) = -h**3 - 27*h**2 + 48*h - 316. Determine y(-29).
-26
Let y(i) = -167*i**3 + 6*i**2 - 3*i - 2. What is y(1)?
-166
Let b(y) = -19*y**2 - 308*y + 1541. What is b(5)?
-474
Let f(k) = k**2 - 235*k + 694. What is f(232)?
-2
Let q(j) = 22*j - 90. Calculate q(-6).
-222
Let r(u) = 14*u**2 + 269*u + 48. What is r(-19)?
-9
Let p(t) = -2*t**2 + 150*t - 2274. Give p(21).
-6
Let m(n) = 310*n**2 - 7*n - 1. Give m(-1).
316
Let o(g) = -2*g**3 + 2*g**2 + 17. Give o(3).
-19
Let k(i) = -i**3 - 4*i**2 + 164*i + 80. What is k(0)?
80
Let b(f) = -3*f**2 + 118*f + 2. What is b(44)?
-614
Let f(b) = 22*b + 1. What is f(2)?
45
Let p(n) = -96*n - 13305. Calculate p(-139).
39
Let m(s) = 19*s - 48. Determine m(3).
9
Let g(n) = n**3 + 11*n**2 + 2*n + 21. Calculate g(-9).
165
Let b(z) = 2*z**2 + 849*z - 5918. Determine b(7).
123
Let n(t) = 214*t - 150. Give n(-1).
-364
Let h(j) = 4*j**2 - 32*j - 314. Give h(-6).
22
Let p(o) = -5*o**2 + 108*o + 266. What is p(25)?
-159
Let q(y) = -10*y**3 + 36*y**2 - 8*y + 97. Calculate q(4).
1
Let d(s) = -3*s**2 + 55*s + 38. What is d(19)?
0
Let j(s) = 20*s**2 + 162*s + 12. Determine j(-8).
-4
Let j(m) = -3*m + 247. Give j(82).
1
Let v(o) = -o**3 + 81*o**2 - 882*o - 143. Calculate v(68).
-7
Let k(d) = -d**3 - 98*d**2 - 300*d - 1408. Calculate k(-95).
17
Let i(o) = -63*o + 34. Calculate i(-3).
223
Let n(f) = f**3 + 71*f**2 + 46*f + 8465. Calculate n(-72).
-31
Let p(b) = 405*b + 824. Give p(-3).
-391
Let w(c) = c**2 + 23*c - 41. Determine w(-14).
-167
Let k(t) = -18*t + 422. Calculate k(49).
-460
Let f(a) = a**3 - 32*a**2 - 269*a + 23. What is f(-7)?
-5
Let a(h) = -2*h**2 + 10*h - 15. What is a(4)?
-7
Let y(w) = -50*w - 6. Give y(0).
-6
Let q(s) = s**3 + 31*s**2 - 378*s + 968. Calculate q(4).
16
Let u(i) = 646*i - 14858. Give u(23).
0
Let g(h) = 447*h**2 + 6707*h + 17. What is g(-15)?
-13
Let y(q) = -2*q**2 + 50*q - 136. Calculate y(21).
32
Let t(w) = -8*w + 24. What is t(-1)?
32
Let h(b) = b**3 - 13*b**2 + 14*b + 71. What is h(5)?
-59
Let d(p) = -p**3 + 7*p**2 - 3*p + 223. Calculate d(9).
34
Let z(s) = -64*s + 223. Calculate z(3).
31
Let g(a) = 34*a - 5. Give g(-4).
-141
Let q(m) = -3*m**2 + 310*m - 95. Give q(103).
8
Let t(c) = -8*c + 287. Determine t(37).
-9
Let k(u) = 37*u + 220. Determine k(-9).
-113
Let r(c) = 5*c**3 - 42*c**2 + 5*c + 19. What is r(8)?
-69
Let q(a) = -3*a**3 + 42*a**2 - 222*a + 2370. Calculate q(13).
-9
Let y(s) = -s**2 - 69*s - 301. Determine y(-64).
19
Let y(r) = -r**3 + 30*r**2 - 24*r - 148. Determine y(29).
-3
Let q(h) = -30*h - 1213. What is q(-38)?
-73
Let b(g) = -54*g**2 - 1. Give b(1).
-55
Let j(p) = 107*p + 4861. What is j(-46)?
-61
Let y(z) = 159*z + 7953. Determine y(-50).
3
Let t(l) = 3*l**2 - 18*l - 60. What is t(10)?
60
Let p(x) = 4*x**2 + 76*x - 3. Calculate p(-19).
-3
Let w(r) = r**2 + r - 215. Calculate w(-17).
57
Let o(r) = -423*r + 4163. Determine o(10).
-67
Let r(b) = -14*b**2 - 28*b - 95. What is r(-5)?
-305
Let m(r) = -117*r - 31. What is m(2)?
-265
Let x(a) = a**3 - 4*a**2 - 2*a - 251. Give x(8).
-11
Let v(k) = k**2 + 291*k - 1484. Determine v(5).
-4
Let r(q) = 6*q + 737. Determine r(-17).
635
Let f(j) = 8*j**2 + 326*j - 2681. What is f(7)?
-7
Let q(a) = 17*a - 331. Determine q(19).
-8
Let q(b) = 7*b**2 - 187*b - 423. What is q(29)?
41
Let t(p) = -4*p**2 + 495*p - 2827. Calculate t(6).
-1
Let w(r) = 59*r + 200. Determine w(-3).
23
Let k(m) = m**2 + 116*m + 2256. Give k(-87).
-267
Let y(l) = -l**3 - 4*l**2 - 659*l - 1312. Determine y(-2).
-2
Let k(f) = 5*f**3 + 3*f**2 - 9*f + 28. Calculate k(-5).
-477
Let w(x) = -5*x**2 + 153*x - 12. Calculate w(31).
-74
Let x(d) = -d**3 - 11*d**2 + 69*d - 33. Determine x(4).
3
Let z(t) = -t**3 - 254*t**2 + 4*t + 3. Determine z(0).
3
Let v(n) = -n**3 + 2*n**2 + 19*n + 237. What is v(8)?
5
Let f(l) = 2*l**3 - 23*l**2 - 6*l - 31. Determine f(0).
-31
Let t(j) = -j**3 + j**2 + 3*j + 136. Determine t(0).
136
Let o(a) = -15*a + 119. Calculate o(-4).
179
Let a(i) = -i**3 - 12*i**2 + i + 23. Give a(-8).
-241
Let s(h) = 377*h + 15. Give s(0).
15
Let u(h) = 11*h + 187. Calculate u(-22).
-55
Let z(g) = g**3 - 7*g**2 - 14*g + 8. What is z(0)?
8
Let n(s) = -1262*s + 45432. Calculate n(36).
0
Let s(p) = -5*p**2 + 1738*p + 7021. Give s(-4).
-11
Let h(c) = 90*c**2 - 451*c + 14. What is h(5)?
9
Let n(p) = -p**3 - 6*p**2 + 44*p - 5. Calculate n(4).
11
Let n(h) = -14*h**2 - 15*h + 15. Give n(1).
-14
Let r(h) = 19*h**2 + 6*h + 7. Give r(-3).
160
Let z(o) = -3*o**3 - o**2 - 7*o + 60. Give z(4).
-176
Let m(k) = -7*k**3 + 54*k**2 + 19*k - 1. What is m(8)?
23
Let o(f) = f**2 - 21*f + 113. Determine o(9).
5
Let j(p) = 6*p**3 - 131*p**2 - 24*p + 45. What is j(22)?
1
Let x(y) = -2351*y - 77601. Determine x(-33).
-18
Let d(g) = -g**2 - 6*g + 74. Give d(-10).
34
Let i(p) = p**3 + 38*p**2 + 27*p - 8. Give i(-37).
362
Let l(g) = 23*g - 377. Determine l(13).
-78
Let j(q) = -230*q - 3916. What is j